421
Let r(f) = 7*f**2 + 52*f - 151. Let n(z) = -3*z**2 - 26*z + 76. Let q(u) = 9*n(u) + 4*r(u). What are the prime factors of q(25)?
5, 11
Let j(d) = 8*d - 32. Let y be j(4). Let i(g) = -g**3 + g**2 + 2*g + 179. Let u be i(y). Suppose 5*o + 2*k = 992, o = 2*k + 17 + u. List the prime factors of o.
2, 3, 11
Suppose -2*x - x - 3*b = -9069, -b - 12097 = -4*x. Suppose 40*m + x = 47*m. What are the prime factors of m?
2, 3
Let o(g) = g**3 - 6*g**2 + 7*g - 7. Let h be o(5). Let a = -39 + 41. Suppose -c - 125 = -2*c + k, 245 = a*c + h*k. What are the prime factors of c?
2, 31
Let a(d) = -402*d + 2319. List the prime factors of a(-42).
3, 37, 173
Let k(w) = 11*w**2 + 4*w + 7. Suppose -4*s + 4*l = -40, -4 = 4*s + 5*l + 1. Suppose -2*y = s*g - 4*g + 3, 5*y = 4*g - 27. List the prime factors of k(y).
2, 47
Let u = 2020 - 1280. What are the prime factors of u?
2, 5, 37
Let y(t) = 3 + 67*t + 55*t - 139 + 71*t - 68*t. What are the prime factors of y(8)?
2, 3
Let f = -136 + 1981. List the prime factors of f.
3, 5, 41
Suppose 4*b = -q + 13, -6*q + b = -3*q - 52. Let f be (0 - (-2)/6)*(-17 + q). Suppose -2*r + 0*k + 3*k + 315 = f, 4*k - 20 = 0. List the prime factors of r.
3, 5, 11
Let h(v) = -134*v - 517. List the prime factors of h(-52).
6451
Suppose 0 = 4*c - 4*k - 99096, -1833*c + 74334 = -1830*c + 3*k. List the prime factors of c.
2, 19, 163
Let d be 13/(26/(-24))*3/(-2). Suppose 27*v - d*v = 3933. List the prime factors of v.
19, 23
Suppose 34894 = 4*p + 5*k, 2*p + k - 23001 = -5557. What are the prime factors of p?
3, 17, 19
Let w = 1119 - -3461. Suppose 0 = 9*m + m - w. What are the prime factors of m?
2, 229
Let w(q) = -2*q**2 - 3*q - 30. Let y be w(13). What are the prime factors of 7/((-7)/y) - 7?
2, 5
List the prime factors of (-4)/(-30)*-30 - (-7 + 1)*971.
2, 41, 71
Let z(x) = 39*x**2 - 2*x - 10. Suppose -3 = -3*d - 9. List the prime factors of z(d).
2, 3, 5
What are the prime factors of (-53)/(742/(-27316)) + (-2)/(-14)*-1?
1951
Suppose 0 = -3*h - 3, 0*d = -d - 4*h - 2. Suppose -2*v = -w - 93, -111 = -d*v - 9*w + 4*w. Let a = v - -150. List the prime factors of a.
2, 3, 11
Let q be (1/3)/((-37)/(-106449)). Let y = q + -571. What are the prime factors of y?
2, 97
Let b(y) = 203*y**2 - 16*y - 46. List the prime factors of b(-5).
3, 13, 131
Suppose -46*w + 23116 = 6004. What are the prime factors of w?
2, 3, 31
Suppose q - 675 = 20*q - 74794. List the prime factors of q.
47, 83
Suppose -67879 = 20*f - 89*f + 14438. What are the prime factors of f?
1193
Suppose 31*r = 17*r + 115206. List the prime factors of r.
3, 13, 211
Suppose 6*a - 323558 = 2*d - 36724, -3*a - 4*d = -143437. What are the prime factors of a?
47807
What are the prime factors of (-6)/((-90)/(-23271))*(15 + -20)?
7757
Let q(b) = -b**2 - 9*b - 14. Let y be q(-7). Suppose y = 4*j + 20, 5*j - 1451 = 3*f - 7*f. List the prime factors of f.
3, 41
Let h = 744 + 530. Suppose -1273*g = -h*g + 1173. What are the prime factors of g?
3, 17, 23
Suppose 0 = 7*r - 2*r - t - 803, -r + 169 = -3*t. Let a = -92 + r. Let k = a - -23. List the prime factors of k.
7, 13
Let g(z) = z**3 - 10*z**2 + 19*z - 21. Let m be 171/21 + 1/(-7). Let s be g(m). Suppose -5*d = w - 705, -d - s*d + 555 = -w. What are the prime factors of d?
2, 5, 7
Suppose -566135 = -28*t + 4*t + 1575121. What are the prime factors of t?
13, 6863
Suppose 20*m = 7*m + 2886. List the prime factors of (-4994)/(-12) + -1 - 37/m.
5, 83
Let u = 569 - 326. Let q = u - 355. List the prime factors of (-734)/(-14) - 64/q.
53
Let p(l) be the third derivative of -l**6/12 + l**5/20 + l**4/12 - 8*l**3/3 - 43*l**2. What are the prime factors of p(-4)?
2, 83
Suppose -p + 31 - 13 = 0. Suppose m + p = 131. Let h = m + -4. List the prime factors of h.
109
Suppose -10146303 + 25467903 = 384*q. What are the prime factors of q?
2, 3, 5, 7, 19
Suppose -3*j - 6 = 0, -14 = 5*y + 2*j - 5*j. List the prime factors of (28/(-42))/(y/1386).
3, 7, 11
Let m(a) = -700*a + 13. Let u be 42/84*(-3 + 1). What are the prime factors of m(u)?
23, 31
Let f(n) = 6*n**2 + 10*n + 21. Suppose -323 = -22*w - 59. What are the prime factors of f(w)?
3, 5, 67
Let d be ((-44)/24*-3 + 0)*96. Suppose -3*c - 7*r + 4*r = -d, 16 = 4*r. List the prime factors of c.
2, 43
Suppose 11*z + 671 = -0*z. Let b = 64 + z. Suppose -3*f + 229 + 367 = -5*x, -b*x = -4*f + 802. List the prime factors of f.
2, 101
Let v(a) = 185*a**2 + 430*a - 8511. List the prime factors of v(20).
43, 1723
Let d = -32178 - -80456. List the prime factors of d.
2, 101, 239
Suppose -924*h = -935*h + 1529. Let c be 1/3*(10 - 1). Let v = c + h. What are the prime factors of v?
2, 71
Suppose 3*n + 0*n = 4*q + 76816, -3*q - 3 = 0. List the prime factors of n.
2, 37, 173
Let j be 1/(-1*1) + 5. Suppose 14*v - 13 - 23 = 6. Suppose 5*n + 61 = 4*o - 0*o, 0 = -v*o - j*n + 38. List the prime factors of o.
2, 7
Suppose 4*j + 96 = 4*b, -6*b - 21*j + 18*j = -117. List the prime factors of b.
3, 7
Let r be (2 - 3)/((-9)/2673). What are the prime factors of r/(-15)*5*-1?
3, 11
Let h(b) = 35*b**2 - 274*b - 43. What are the prime factors of h(30)?
19, 1223
Let i(a) = -a + 9. Let s be 4/12 - (78/9)/(-1). Let g be i(s). Suppose 11*q - 9*q - 26 = g. What are the prime factors of q?
13
Suppose 2*n = -4*f + 2*f - 74, -3*n = -f + 103. Let h(j) = -5*j - 1. Let k be h(3). Let i = k - n. What are the prime factors of i?
19
Suppose 175800 = 50*z - 19*z - 26*z. What are the prime factors of z?
2, 3, 5, 293
Suppose -s - 2*p - 2 = -6*p, 0 = 5*s + 2*p - 56. Let a be (-9)/(-2)*s/(-75)*-5. Suppose 3*f - 204 = -a*q, f + 3*q = 26 + 40. List the prime factors of f.
3, 23
List the prime factors of 6765 - (58 + 12)/(-5).
6779
List the prime factors of 15/27 + (-1)/1 + (-329100)/(-54).
2, 11, 277
Let u(p) = -372*p + 264. What are the prime factors of u(-10)?
2, 3, 83
Suppose 0 = c + c + 2*k + 152, -2*c + 4*k = 140. Let a = 75 + c. Let l = a - -143. What are the prime factors of l?
2, 3
Let b(g) be the second derivative of 7*g**3/2 + 115*g**2/2 + 73*g + 1. List the prime factors of b(20).
5, 107
Suppose 0 = 6*a - 2*x - 73854, 12*a - 14*a = x - 24618. What are the prime factors of a?
3, 11, 373
Suppose 9 + 466 = 5*o. Let s = -1214 - -1382. Suppose x - t = o, 2*x - 3*t - 23 = s. List the prime factors of x.
2, 47
Let b = 84 - -55. Suppose 0*f + 5*h + 659 = 2*f, 1673 = 5*f - 4*h. Let v = f - b. What are the prime factors of v?
2, 3, 11
Let s = -166 - -172. Let l(d) = 8*d**2 - 4*d - 32. List the prime factors of l(s).
2, 29
Let q = -25 - -27. Suppose 3*t - 21 = -4*k + 3, t - 10 = -q*k. What are the prime factors of k?
3
Suppose 3*l - 5*x = -0*l + 992, 2*x = -2*l + 672. Let y = l - 142. List the prime factors of y.
2, 3
Let o be 94/(-3)*18/3. Let x = -24 - o. Suppose -3*v + 0*b = 4*b - x, 0 = -2*v - 3*b + 111. What are the prime factors of v?
2, 3
Let c be -382 - (2/13 - 24/156). What are the prime factors of -17 - c - (-1 + 1)?
5, 73
Suppose 9*j + 14*j - 475384 = -3*j. What are the prime factors of j?
2, 7, 653
Suppose -1050 = -4*j - j. Suppose 2*a + 3*i - 677 = j, -2222 = -5*a - 3*i. List the prime factors of a.
5, 89
Suppose -50*k + 21*k = -87. Suppose k*f + 11*f - 11200 = 0. List the prime factors of f.
2, 5
Suppose -1074*n + 1069*n = -17230. What are the prime factors of n?
2, 1723
Suppose 2*z = -4*u + 4*z + 20, -2*u + 26 = -5*z. Suppose 14 = -u*k + 4*t + 6, -2*t = 3*k - 4. Suppose 2*b - 11 - 3 = k. What are the prime factors of b?
7
List the prime factors of -279*(-784)/21 - (-7)/(28/(-20)).
29, 359
Let s = -1298 + 1904. Let d = s - -79. List the prime factors of d.
5, 137
Let s be -14 - -10 - (-2 + -1072). Let r = 1954 - s. List the prime factors of r.
2, 13, 17
Let g(l) = -l**3 + 7*l**2 + 2*l - 9. Let t be g(7). Suppose -2*m - 152 = -4*u, t*u - 3*m = -5*m + 181. What are the prime factors of u?
37
Let q = -784 - -787. Suppose 1749 = q*v + 4*t - 87, -v = 5*t - 623. What are the prime factors of v?
2, 19
Let t be (4 - 19)/((-3)/2 - 0). Suppose -12*h + 2434 = -t*h. Suppose -6*a + h = 131. List the prime factors of a.
181
Let u(r) be the third derivative of 1/6*r**4 + 61/60*r**5 + 2*r**2 + 0*r + 0 - 1/2*r**3. What are the prime factors of u(1)?
2, 31
List the prime factors of (-21 + 22)/((-7)/(-22869)).
3, 11
Suppose -3*r = r - 40. Let b(y) = 135*y + 953. Let q